{"id":114306,"date":"2024-10-09T10:51:50","date_gmt":"2024-10-09T08:51:50","guid":{"rendered":"https:\/\/www.rmv-nederland.nl\/speaker\/esther-de-snoo\/"},"modified":"2024-10-09T10:52:28","modified_gmt":"2024-10-09T08:52:28","slug":"esther-de-snoo","status":"publish","type":"guest","link":"https:\/\/www.rmv-nederland.nl\/de\/speaker\/esther-de-snoo\/","title":{"rendered":"Esther de Snoo"},"content":{"rendered":"\n<p>Esther de Snoo, Chefredakteurin von Nieuwe Oogst, wird die Begr\u00fc\u00dfungsrede w\u00e4hrend des Nationalen Milchviehkongresses von 10:00 bis 10:05 Uhr halten. Mit ihrer langj\u00e4hrigen Erfahrung und ihrem breiten Wissen \u00fcber den Agrarsektor gibt sie den Grundstein f\u00fcr einen Tag voller Inspiration und wertvoller Erkenntnisse f\u00fcr die Milchwirtschaft.<\/p>\n","protected":false},"excerpt":{"rendered":"<p>Esther de Snoo, Chefredakteurin von Nieuwe Oogst, wird die Begr\u00fc\u00dfungsrede w\u00e4hrend des Nationalen Milchviehkongresses von 10:00 bis 10:05 Uhr halten. Mit ihrer langj\u00e4hrigen Erfahrung und ihrem breiten Wissen \u00fcber den Agrarsektor gibt sie den Grundstein f\u00fcr einen Tag voller Inspiration und wertvoller Erkenntnisse f\u00fcr die Milchwirtschaft.<\/p>\n","protected":false},"featured_media":112873,"template":"","meta":{"_seopress_robots_primary_cat":"","_seopress_titles_title":"","_seopress_titles_desc":"","_seopress_robots_index":"","_company_name":"Nieuwe Oogst","_job_title":"Hoofdredacteur","_visit_me":"","_email":"","_linkedin":"","_twitter":"","_facebook":"","_instagram":"","_youtube":"","_imdb":"","footnotes":""},"edition":[],"guest_type":[],"work":[],"class_list":["post-114306","guest","type-guest","status-publish","has-post-thumbnail","hentry"],"_cover_image":{"href":"https:\/\/www.rmv-nederland.nl\/de\/wp-json\/wp\/v2\/media\/112872"},"_links":{"self":[{"href":"https:\/\/www.rmv-nederland.nl\/de\/wp-json\/wp\/v2\/guest\/114306","targetHints":{"allow":["GET"]}}],"collection":[{"href":"https:\/\/www.rmv-nederland.nl\/de\/wp-json\/wp\/v2\/guest"}],"about":[{"href":"https:\/\/www.rmv-nederland.nl\/de\/wp-json\/wp\/v2\/types\/guest"}],"version-history":[{"count":5,"href":"https:\/\/www.rmv-nederland.nl\/de\/wp-json\/wp\/v2\/guest\/114306\/revisions"}],"predecessor-version":[{"id":114311,"href":"https:\/\/www.rmv-nederland.nl\/de\/wp-json\/wp\/v2\/guest\/114306\/revisions\/114311"}],"wp:featuredmedia":[{"embeddable":true,"href":"https:\/\/www.rmv-nederland.nl\/de\/wp-json\/wp\/v2\/media\/112873"}],"wp:attachment":[{"href":"https:\/\/www.rmv-nederland.nl\/de\/wp-json\/wp\/v2\/media?parent=114306"}],"wp:term":[{"taxonomy":"edition","embeddable":true,"href":"https:\/\/www.rmv-nederland.nl\/de\/wp-json\/wp\/v2\/edition?post=114306"},{"taxonomy":"guest_type","embeddable":true,"href":"https:\/\/www.rmv-nederland.nl\/de\/wp-json\/wp\/v2\/guest_type?post=114306"},{"taxonomy":"work","embeddable":true,"href":"https:\/\/www.rmv-nederland.nl\/de\/wp-json\/wp\/v2\/work?post=114306"}],"curies":[{"name":"wp","href":"https:\/\/api.w.org\/{rel}","templated":true}]}}

<p>Esther de Snoo, Chefredakteurin von Nieuwe Oogst, wird die Begrüßungsrede während des Nationalen Milchviehkongresses von 10:00 bis 10:05 Uhr halten. Mit ihrer langjährigen Erfahrung und ihrem breiten Wissen über den Agrarsektor gibt sie den Grundstein für einen Tag voller Inspiration und wertvoller Erkenntnisse für die Milchwirtschaft.</p>
