{"id":114296,"date":"2024-10-09T10:45:16","date_gmt":"2024-10-09T08:45:16","guid":{"rendered":"https:\/\/www.rmv-nederland.nl\/speaker\/jan-huitema\/"},"modified":"2024-10-09T10:45:17","modified_gmt":"2024-10-09T08:45:17","slug":"jan-huitema","status":"publish","type":"guest","link":"https:\/\/www.rmv-nederland.nl\/de\/speaker\/jan-huitema\/","title":{"rendered":"Jan Huitema"},"content":{"rendered":"\n<p>Jan Huitema, ehemaliges Mitglied des Europ\u00e4ischen Parlaments, betont von 11:35 bis 11:50 Uhr die Bedeutung der Politik in der Milchwirtschaft. Neben dem Markt hat auch die Regierung fast die gleiche Kontrolle, und ein Gro\u00dfteil dieser Politik wird in Br\u00fcssel getroffen. Jan diskutiert, wie europ\u00e4ische Politik entwickelt wird, was die niederl\u00e4ndische Regierung dann damit macht und was Unternehmer in den kommenden Jahren ber\u00fccksichtigen sollten. Seine Erkenntnisse helfen dabei, sich besser in der komplexen politischen Landschaft des Agrarsektors zurechtzufinden.<\/p>\n","protected":false},"excerpt":{"rendered":"<p>Jan Huitema, ehemaliges Mitglied des Europ\u00e4ischen Parlaments, betont von 11:35 bis 11:50 Uhr die Bedeutung der Politik in der Milchwirtschaft. Neben dem Markt hat auch die Regierung fast die gleiche Kontrolle, und ein Gro\u00dfteil dieser Politik wird in Br\u00fcssel getroffen. Jan diskutiert, wie europ\u00e4ische Politik entwickelt wird, was die niederl\u00e4ndische Regierung dann damit macht und [&hellip;]<\/p>\n","protected":false},"featured_media":112910,"template":"","meta":{"_seopress_robots_primary_cat":"","_seopress_titles_title":"","_seopress_titles_desc":"","_seopress_robots_index":"","_company_name":"","_job_title":"Voormalig VVD Europarlementari\u00ebr","_visit_me":"","_email":"","_linkedin":"","_twitter":"","_facebook":"","_instagram":"","_youtube":"","_imdb":"","footnotes":""},"edition":[],"guest_type":[],"work":[],"class_list":["post-114296","guest","type-guest","status-publish","has-post-thumbnail","hentry"],"_cover_image":{"href":"https:\/\/www.rmv-nederland.nl\/de\/wp-json\/wp\/v2\/media\/112909"},"_links":{"self":[{"href":"https:\/\/www.rmv-nederland.nl\/de\/wp-json\/wp\/v2\/guest\/114296","targetHints":{"allow":["GET"]}}],"collection":[{"href":"https:\/\/www.rmv-nederland.nl\/de\/wp-json\/wp\/v2\/guest"}],"about":[{"href":"https:\/\/www.rmv-nederland.nl\/de\/wp-json\/wp\/v2\/types\/guest"}],"version-history":[{"count":1,"href":"https:\/\/www.rmv-nederland.nl\/de\/wp-json\/wp\/v2\/guest\/114296\/revisions"}],"predecessor-version":[{"id":114297,"href":"https:\/\/www.rmv-nederland.nl\/de\/wp-json\/wp\/v2\/guest\/114296\/revisions\/114297"}],"wp:featuredmedia":[{"embeddable":true,"href":"https:\/\/www.rmv-nederland.nl\/de\/wp-json\/wp\/v2\/media\/112910"}],"wp:attachment":[{"href":"https:\/\/www.rmv-nederland.nl\/de\/wp-json\/wp\/v2\/media?parent=114296"}],"wp:term":[{"taxonomy":"edition","embeddable":true,"href":"https:\/\/www.rmv-nederland.nl\/de\/wp-json\/wp\/v2\/edition?post=114296"},{"taxonomy":"guest_type","embeddable":true,"href":"https:\/\/www.rmv-nederland.nl\/de\/wp-json\/wp\/v2\/guest_type?post=114296"},{"taxonomy":"work","embeddable":true,"href":"https:\/\/www.rmv-nederland.nl\/de\/wp-json\/wp\/v2\/work?post=114296"}],"curies":[{"name":"wp","href":"https:\/\/api.w.org\/{rel}","templated":true}]}}

<p>Jan Huitema, ehemaliges Mitglied des Europäischen Parlaments, betont von 11:35 bis 11:50 Uhr die Bedeutung der Politik in der Milchwirtschaft. Neben dem Markt hat auch die Regierung fast die gleiche Kontrolle, und ein Großteil dieser Politik wird in Brüssel getroffen. Jan diskutiert, wie europäische Politik entwickelt wird, was die niederländische Regierung dann damit macht und was Unternehmer in den kommenden Jahren berücksichtigen sollten. Seine Erkenntnisse helfen dabei, sich besser in der komplexen politischen Landschaft des Agrarsektors zurechtzufinden.</p>

<p>Jan Huitema, ehemaliges Mitglied des Europäischen Parlaments, betont von 11:35 bis 11:50 Uhr die Bedeutung der Politik in der Milchwirtschaft. Neben dem Markt hat auch die Regierung fast die gleiche Kontrolle, und ein Großteil dieser Politik wird in Brüssel getroffen. Jan diskutiert, wie europäische Politik entwickelt wird, was die niederländische Regierung dann damit macht und [&hellip;]</p>

Voormalig VVD Europarlementariër
