{"id":111164,"date":"2024-09-17T23:11:04","date_gmt":"2024-09-17T21:11:04","guid":{"rendered":"https:\/\/www.rmv-nederland.nl\/speaker\/wiepk-voskamp\/"},"modified":"2024-10-09T10:59:07","modified_gmt":"2024-10-09T08:59:07","slug":"wiepk-voskamp","status":"publish","type":"guest","link":"https:\/\/www.rmv-nederland.nl\/de\/speaker\/wiepk-voskamp\/","title":{"rendered":"Wiepk Voskamp"},"content":{"rendered":"\n<p>Wiepk schloss 1992 ihr Studium in Wageningen ab und promovierte anschlie\u00dfend an der Universit\u00e4t Utrecht, vor Ort am damaligen Institut f\u00fcr Nutztierforschung (IVO, sp\u00e4ter umbenannt in ID-DLO und jetzt WLR). Anschlie\u00dfend wechselte sie in die Gesch\u00e4ftswelt, zun\u00e4chst als Spezialistin f\u00fcr Biowissenschaften und sp\u00e4ter als Forschungs- und Entwicklungsleiterin im Bereich Viehzucht (CRV). Seit 2014 ist sie Dozentin f\u00fcr nachhaltige Milchwirtschaft an der Van Hall Larenstein University of Applied Sciences (HVHL) in Leeuwarden.<\/p>\n","protected":false},"excerpt":{"rendered":"<p>Wiepk schloss ihr Studium 1992 in Wageningen ab und promovierte anschlie\u00dfend an der Universit\u00e4t Utrecht, vor Ort am damaligen Institut f\u00fcr Nutztierforschung (IVO, sp\u00e4ter ge\u00e4ndert in ID-DLO und jetzt WLR). Anschlie\u00dfend wechselte sie in die Gesch\u00e4ftswelt, zun\u00e4chst als Spezialistin f\u00fcr Biowissenschaften und sp\u00e4ter als Forschungs- und Entwicklungsleiterin im Bereich Viehzucht (CRV). Seit 2014 ist sie Dozentin f\u00fcr nachhaltige Milchwirtschaft an der Van Hall Larenstein University of Applied Sciences (HVHL) in Leeuwarden.<\/p>\n","protected":false},"featured_media":108488,"template":"","meta":{"_seopress_robots_primary_cat":"","_seopress_titles_title":"Wiepk Voskamp","_seopress_titles_desc":"","_seopress_robots_index":"","_company_name":"Hogeschool van Hall Larenstein","_job_title":"Lector Dier- en Omgeving","_visit_me":"","_email":"","_linkedin":"https:\/\/www.linkedin.com\/in\/wiepk-voskamp\/","_twitter":"","_facebook":"","_instagram":"","_youtube":"","_imdb":"","footnotes":""},"edition":[],"guest_type":[],"work":[],"class_list":["post-111164","guest","type-guest","status-publish","has-post-thumbnail","hentry"],"_cover_image":{"href":"https:\/\/www.rmv-nederland.nl\/de\/wp-json\/wp\/v2\/media\/108487"},"_links":{"self":[{"href":"https:\/\/www.rmv-nederland.nl\/de\/wp-json\/wp\/v2\/guest\/111164","targetHints":{"allow":["GET"]}}],"collection":[{"href":"https:\/\/www.rmv-nederland.nl\/de\/wp-json\/wp\/v2\/guest"}],"about":[{"href":"https:\/\/www.rmv-nederland.nl\/de\/wp-json\/wp\/v2\/types\/guest"}],"version-history":[{"count":2,"href":"https:\/\/www.rmv-nederland.nl\/de\/wp-json\/wp\/v2\/guest\/111164\/revisions"}],"predecessor-version":[{"id":114327,"href":"https:\/\/www.rmv-nederland.nl\/de\/wp-json\/wp\/v2\/guest\/111164\/revisions\/114327"}],"wp:featuredmedia":[{"embeddable":true,"href":"https:\/\/www.rmv-nederland.nl\/de\/wp-json\/wp\/v2\/media\/108488"}],"wp:attachment":[{"href":"https:\/\/www.rmv-nederland.nl\/de\/wp-json\/wp\/v2\/media?parent=111164"}],"wp:term":[{"taxonomy":"edition","embeddable":true,"href":"https:\/\/www.rmv-nederland.nl\/de\/wp-json\/wp\/v2\/edition?post=111164"},{"taxonomy":"guest_type","embeddable":true,"href":"https:\/\/www.rmv-nederland.nl\/de\/wp-json\/wp\/v2\/guest_type?post=111164"},{"taxonomy":"work","embeddable":true,"href":"https:\/\/www.rmv-nederland.nl\/de\/wp-json\/wp\/v2\/work?post=111164"}],"curies":[{"name":"wp","href":"https:\/\/api.w.org\/{rel}","templated":true}]}}

<p>Wiepk schloss 1992 ihr Studium in Wageningen ab und promovierte anschließend an der Universität Utrecht, vor Ort am damaligen Institut für Nutztierforschung (IVO, später umbenannt in ID-DLO und jetzt WLR). Anschließend wechselte sie in die Geschäftswelt, zunächst als Spezialistin für Biowissenschaften und später als Forschungs- und Entwicklungsleiterin im Bereich Viehzucht (CRV). Seit 2014 ist sie Dozentin für nachhaltige Milchwirtschaft an der Van Hall Larenstein University of Applied Sciences (HVHL) in Leeuwarden.</p>

<p>Wiepk schloss ihr Studium 1992 in Wageningen ab und promovierte anschließend an der Universität Utrecht, vor Ort am damaligen Institut für Nutztierforschung (IVO, später geändert in ID-DLO und jetzt WLR). Anschließend wechselte sie in die Geschäftswelt, zunächst als Spezialistin für Biowissenschaften und später als Forschungs- und Entwicklungsleiterin im Bereich Viehzucht (CRV). Seit 2014 ist sie Dozentin für nachhaltige Milchwirtschaft an der Van Hall Larenstein University of Applied Sciences (HVHL) in Leeuwarden.</p>
